.
3
Let x(s) be the third derivative of s**6/120 + s**5/12 - 5*s**4/24 + 2*s**3 - 8*s**2. What are the prime factors of x(-6)?
2, 3
Let h be (-1)/(-3)*3 - -1. Suppose -h*v = v - 21. What are the prime factors of v?
7
Let x be (0 + 0)/3 + 0. Suppose 3*d - 7 - 2 = x. Suppose 6 = d*r - 2*r. List the prime factors of r.
2, 3
Let f(r) = r**2 - 4*r + 2. Let m be f(4). Suppose -y - 3*y - 4 = -2*w, -2*y = -m. What are the prime factors of w?
2
Let p(o) = o**3 - 7*o**2 - 9*o + 11. Let u be p(8). Suppose 2*m - m + r - 11 = 0, 2*m - u*r - 47 = 0. List the prime factors of m.
2
Let h(f) = -f**3 + 5*f**2 + 3*f + 3. Let o be h(5). Let q = -43 + 25. What are the prime factors of ((-12)/o)/(2/q)?
2, 3
Let x = -5 - -8. Suppose 21 = x*n - 0*n. What are the prime factors of n?
7
Let x(n) = -n**3 - 6*n**2 + 5*n - 12. Let r be x(-7). Suppose r*h + 184 = 10*h. List the prime factors of h.
23
Let m = -10 + 15. Suppose a - 3*a = -3*t - 54, -m*a = 4*t - 112. List the prime factors of a.
2, 3
Let v = -9 - -13. Suppose -5*r = l + 14, -v*r = 4*l + 1 - 9. What are the prime factors of l?
2, 3
Let k(n) = -n**2 + 1. Let z(t) = -4*t**2 + t + 8. Let c(d) = -5*k(d) + z(d). List the prime factors of c(-3).
3
Let v(s) = 24*s. List the prime factors of v(1).
2, 3
Let x = -7 - -23. Let c = x + -4. List the prime factors of c.
2, 3
Let r(n) = 9*n - 6. What are the prime factors of r(6)?
2, 3
List the prime factors of 75/3 - (-3 + 3).
5
Let p(r) = -r - 2. Let c be p(4). Let a(y) = -y - 4. Let x be a(c). Suppose -3*w + 4 = -x*w. List the prime factors of w.
2
Suppose 54 = n - 0*n + 3*f, 0 = -2*f. List the prime factors of n.
2, 3
Suppose -2 = -t + 2. Suppose -2*v - 4*q + 4 = -20, 3*v = t*q + 26. What are the prime factors of v?
2, 5
Suppose 5*q - 2*p = 2*p + 281, p = -3*q + 172. Let x = q - 8. List the prime factors of x.
7
Let d(s) = -s + 10. List the prime factors of d(7).
3
Let w = -1 + 11. List the prime factors of w.
2, 5
Let l = 2 + 1. Suppose d + 54 = l*o - 2*d, -4*o + 2*d + 82 = 0. List the prime factors of o.
23
Suppose 0 = -w + x + 3, 2*w = -2*x + 14. Let c(a) = -2*a**2 + a**3 - 4*a + 5*a - 3*a**2. List the prime factors of c(w).
5
Suppose 2*k - 2*g = 7*k + 111, -k - 2*g - 19 = 0. Suppose 2*t + 41 = 4*a - a, 2*a - 62 = 4*t. Let r = t - k. List the prime factors of r.
2, 5
Let u(j) = -8*j**3 - j - 4. What are the prime factors of u(-2)?
2, 31
Let g(s) = -5*s - 5. Suppose -4*y = -9*y - 15. List the prime factors of g(y).
2, 5
Let r(q) = 3*q**2 + q + 15. List the prime factors of r(-7).
5, 31
Let w be (-1)/(-2*(-2)/(-156)). Suppose -3*h = -6*h + w. Let t = -8 + h. List the prime factors of t.
5
Let u(d) = 0 - d - 5 - 4. List the prime factors of u(-15).
2, 3
Suppose -12 = -2*d - 5*b + 6*b, -24 = -5*d + b. Suppose c - d*q = q - 6, -14 = -5*c + 3*q. What are the prime factors of c?
2
Let b(d) = 7*d**3 - 2*d**2 + 1. Let v(t) = t + 4. Let q be v(-3). What are the prime factors of b(q)?
2, 3
Let o = 7 - 5. Suppose 0*q - o*q = -10. Suppose -4*x = 5*v - 41, q*x + 5*v = 2*v + 48. List the prime factors of x.
3
Suppose -5*l = -3*k - 16, -3*k = 3*l - 0*l. List the prime factors of (l/5)/((-1)/(-20)).
2
Let r = -3 - -3. Suppose k = -r*k. Suppose u - 17 = -k*u. What are the prime factors of u?
17
Suppose 5*t = j + 938, -4*t = 2*j - 284 - 458. List the prime factors of t.
11, 17
Suppose 0 = -f - 3 + 5. Suppose -f*a + a + 19 = 0. What are the prime factors of a?
19
Let y be (-10)/((1 - 1) + -2). Suppose -v + 24 + y = 0. List the prime factors of v.
29
Let q be 0/5 + -1 + 1. Suppose v - 32 - 12 = q. Suppose 2*h + 2*r = 6*r + v, 26 = h - 4*r. List the prime factors of h.
2, 3
Suppose -4*b = -5*b + 64. List the prime factors of b.
2
What are the prime factors of 1 - -101 - 4*6/(-12)?
2, 13
Suppose 0 = -5*r + 6*r - 2. Suppose i = 5*h + 34, r*i + 4*h = 14 - 2. What are the prime factors of i?
2, 7
What are the prime factors of -7 + 4 + 4 - -39?
2, 5
Suppose j + 2*m - 36 = 0, 2*j = -5*m + 44 + 24. What are the prime factors of j?
2, 11
Let s(i) be the third derivative of 2*i**3 + 0 + 11/60*i**5 + 1/120*i**6 + 0*i + 5/12*i**4 + 3*i**2. List the prime factors of s(-10).
2, 3
Let b = 15 + -12. Suppose 2*s = 4*s + 4*l - 60, b*l = -3*s + 75. List the prime factors of s.
2, 5
Let u be (1 + -4 - -1) + 4. List the prime factors of -2 + 0 + u - -3.
3
Suppose 5*w - 9 - 6 = 0. Suppose d = -w + 26. What are the prime factors of d?
23
Let d = 19 - 3. List the prime factors of ((-3)/2)/((-2)/d).
2, 3
Suppose -s = -4*s + 450. Suppose -n = -4*i + 194, -i + 4*i = 3*n + s. List the prime factors of i.
2, 3
Suppose 4*n + 8 = -5*v + 3*v, 0 = -4*v - 5*n - 7. Let s(o) = 4*o + 1. Let d be s(2). Suppose 0 = -v*r + 3 + d. What are the prime factors of r?
2, 3
Suppose t - 5*z = -5 - 2, -5*z = -3*t - 1. Suppose -3*w - t = -4*w + 4*s, -4*s = 0. Suppose 6 = w*d - 27. List the prime factors of d.
11
Let u(n) = -9*n + 3. List the prime factors of u(-17).
2, 3, 13
Suppose 11 = -d + 3*v, 21 - 6 = -d + 5*v. Let b be (-14)/d*25/10. Suppose -4*i = -3*x - 23 + b, -2*i + x = -8. What are the prime factors of i?
2
Let c(u) = -u**2 + 9*u - 7. Let v be c(8). Let k(z) = 2*z. Let j(i) = -i. Let g(s) = -14*j(s) - 5*k(s). List the prime factors of g(v).
2
What are the prime factors of 0 + -3 + 4 + 13?
2, 7
Let g be (-3)/(-9) + 20/12. What are the prime factors of 5/g*(-136)/(-20)?
17
Let h(m) = 13*m**2 - 1. List the prime factors of h(-1).
2, 3
Let t(n) = -n**3 + 5*n**2 - n - 1. Let h be ((-3)/(-4))/((-4)/(-16)). What are the prime factors of t(h)?
2, 7
Let k(m) = -m + 11. Suppose -4*w + 24 = -4*u, 4*u = w - 0*u - 12. Suppose f = w*f. What are the prime factors of k(f)?
11
Suppose 0 = -2*b + 10 + 64. What are the prime factors of b?
37
Let j(x) = x**3 - x - 1. Let g be j(-1). Let s(h) = -12*h**3 - 1. What are the prime factors of s(g)?
11
Suppose -3*o + 11*o = -72. Let c(b) = -5*b + 3*b - 14 + 3. List the prime factors of c(o).
7
List the prime factors of ((-10)/(-3))/(-3 + 22/6).
5
Let l(r) = r**2 + 8*r + 6. Let g be l(-5). Let k be g/(-1)*(-3)/(-9). Suppose -2*t - 22 = -2*q, 0 = -k*q - 2*t - 4 + 22. List the prime factors of q.
2
Let r = -96 - -116. What are the prime factors of r?
2, 5
Let y = -2 + 4. Let v(r) = r - r + 2*r. List the prime factors of v(y).
2
Suppose 3*p - 2*r = p - 8, p - 3*r + 2 = 0. Let z(f) = f**3 + 6*f**2 + 4*f - 6. Let a be z(p). Let d(y) = 3*y**2 - 2*y - 1. What are the prime factors of d(a)?
2
Let u = 52 + -37. Suppose -2*c - c = -u. List the prime factors of (-75)/6*(-4)/c.
2, 5
Suppose -f = f - 8. Suppose -9 - 3 = -f*w. List the prime factors of w.
3
Suppose -2*i + 2*m + 469 - 23 = 0, m - 229 = -i. What are the prime factors of i?
2, 113
Suppose 0 = -4*h + 2*h - 6. Let s be 2/3*h - -20. List the prime factors of ((-1)/3)/((-2)/s).
3
List the prime factors of 9/18*47*2.
47
Suppose 3*w - 5*j = 307, 3*w = -4*j + 122 + 140. What are the prime factors of w?
2, 47
Let y = -74 - -111. Suppose 3*r = v + 14 + 51, r - 3*v - 35 = 0. Let w = y - r. List the prime factors of w.
17
Let l be (14/(-4))/(2/(-4)). Suppose -25 = l*u - 2*u. Let t(w) = w**2 + 2*w - 6. What are the prime factors of t(u)?
3
Let g(a) = a**3 - 7*a**2 + 4*a. Let v be g(7). Let t = v + 7. List the prime factors of t.
5, 7
Let a(i) = 2*i**2 - 2 - 2*i + 6 - 2 + 1. What are the prime factors of a(3)?
3, 5
Let l(a) = -a**3 - 11*a**2 + 10*a + 8. Let t(h) = 3*h**3 + 32*h**2 - 31*h - 24. Let w(s) = -11*l(s) - 4*t(s). List the prime factors of w(-9).
2, 11
Let u be 6 + 2*(1 - 2). Suppose -5*d + 65 = u*k + k, -k + 13 = -2*d. What are the prime factors of k?
13
Let d(h) = 4*h**2 - 9*h - 14. List the prime factors of d(-5).
131
Suppose -5*y = -4*y + 4*v - 216, -4*y + 964 = -4*v. List the prime factors of y.
2, 59
Let c(v) = -5*v + 6. What are the prime factors of c(-5)?
31
What are the prime factors of 3/12 + 1/(-4)*-467?
3, 13
Suppose 4 = -2*r - o - 3*o, -3*r + o = -8. Suppose 0*n = n + r*i - 13, 5*i = -3*n + 44. List the prime factors of n.
23
Let t(z) = 4*z - 1. Let u(d) = d. Let a be u(-6). Let h be 2*(-3)/a - -1. What are the prime factors of t(h)?
7
Let i = 190 - -76. List the prime factors of i.
2, 7, 19
Let n(p) = -p**2 - 20*p + 8. List the prime factors of n(-16).
2, 3
Suppose 7*u = 9*u - 104. What are the prime factors of u?
2, 13
Let g(s) = -4*s + 3*